 - 4)?
-4
What is the value of (-1 - (-1 - 1)) + 3 + -9?
-5
Evaluate 2 + -8 - (0 - (0 + 2)).
-4
Evaluate (8 - 6) + (2 - 2).
2
Evaluate -2 + 8 + -2 + 2.
6
5 + (4 + -2 + -4 - -1)
4
(-4 - (0 - 0) - -2) + -3
-5
What is the value of 3 - 4 - (-6 + 4 - 0)?
1
-6 - ((7 - -2) + -4 + -8)
-3
5 + (-1 - (-5 - -9 - -1))
-1
-6 - (-3 + 0 + 4 + -5)
-2
What is the value of -14 - (4 + -10 - (-19 + 21))?
-6
What is the value of -9 + 3 + -2 + -138 + 156?
10
What is -3 + (0 - -3) - 2?
-2
Evaluate 4 + 0 + (-8 - -3).
-1
(-13 - -12) + (-2 - -1) + -5
-7
Evaluate (-1 - -3) + -7 - (-18 + 19).
-6
What is 0 + 2 + -1 + 3 - 0?
4
Evaluate -2 - ((4 + -9 - -4) + -4).
3
What is 3 - ((-5 - -1) + 17) - -3?
-7
(3 - 3) + 2 + -1 + 0
1
Evaluate (7 - 3) + (-2 - 2 - 3).
-3
Calculate (5 - 4) + (10 - 9).
2
What is -5 - (4 + -5 - (3 - 0))?
-1
What is (40 - 20) + -20 - (2 + 0)?
-2
Calculate 6 + 4 + -2 - (-5 - -10).
3
Calculate -6 + -2 + 2 + -35 + 38.
-3
-5 + 3 - 4 - (-13 - -16)
-9
What is the value of (2 - 5 - 1) + 9?
5
Calculate -9 + -2 + (-5 - -12).
-4
Calculate -12 - (-5 + -4 + -7).
4
Calculate 0 + -1 + -1 + 1 + 0.
-1
Calculate (-23 - -12) + 13 - -7.
9
What is 0 - (0 + 3) - (8 + -3)?
-8
What is the value of -5 + 11 - ((6 - 12) + 5)?
7
Evaluate -2 + 5 + -6 + -4 + 10.
3
Calculate -5 + 7 - (4 + 0).
-2
Calculate (21 - 22) + 0 + -3.
-4
What is the value of -4 + (0 - 1) + 45 + -45?
-5
What is 5 - (3 + 8) - -6?
0
(-11 - (3 + -9)) + (-1 - -7)
1
What is 2 + 4 - (17 + -13)?
2
What is the value of -5 - -5 - (-3 + 1)?
2
What is the value of -7 + 15 + 0 + -7?
1
Evaluate 3 + 1 + -8 - -1.
-3
What is the value of -3 - (2 - 7) - 1?
1
What is (7 - 7) + -2 - -7?
5
Evaluate -2 - -2 - (5 + -1).
-4
3 - (6 - 6 - (4 - 4))
3
What is the value of (3 - 7) + (-1 + 5 - 3)?
-3
What is the value of 0 + 0 - (43 - 48)?
5
What is the value of -2 + 2 + (7 - (4 - -2))?
1
Calculate (4 - -6) + -8 - 6.
-4
-2 - -2 - (-7 + (16 - 8))
-1
-4 - (14 - (5 + 3))
-10
7 + 0 - (-7 - -15)
-1
Calculate 4 + -11 + -4 + (3 - 0).
-8
(2 - -6) + -6 - (9 + 1)
-8
0 + 1 - (25 + -25)
1
4 + -6 + -4 + -1 + 3
-4
Calculate -4 + 1 - (8 + -2 + -10).
1
What is (-17 - -26) + -1 + -4?
4
Evaluate -71 + 69 + (-1 - (-4 - 1)).
2
0 + 0 + 6 + (3 - 8)
1
Calculate 4 + -4 + 2 + -1 + 3.
4
Evaluate -3 - (-6 + 3 + -7).
7
Calculate (-3 - 1 - -6) + 1.
3
Evaluate 7 - -3 - 6 - -1.
5
What is (-7 - 2) + 17 - 16?
-8
Evaluate -4 + -2 - (-6 + (0 - -3)).
-3
What is (12 - (-6 + 10)) + -9?
-1
Calculate (5 - 0) + -45 + 41.
1
What is the value of -2 - (-2 + -8 - (-5 + 0))?
3
What is the value of (0 - (-10 + 9)) + (-2 - 1)?
-2
What is the value of (-12 - -18) + 8 + -23?
-9
Evaluate 30 - 30 - (-1 + -1 + 1).
1
What is the value of 17 - (17 + -7) - 1?
6
Calculate (-2 - 6 - -19) + 2 + -7.
6
Calculate (-6 - (0 + -4)) + 3.
1
Evaluate 39 + -34 - (2 + -4 + -1).
8
What is the value of 0 + (-1 - -3) + -1 + 4?
5
What is the value of (5 - (-1 + 2)) + (5 - 5)?
4
What is (-3 - 2) + 0 - -11?
6
12 + (4 - 17 - -6)
5
Calculate -3 + (5 - (16 - 8)).
-6
Calculate -32 + 28 + (2 - 4) + 10.
4
What is -2 - (-3 + 2 + -1)?
0
What is -5 + 1 - (-13 + 10)?
-1
0 - (6 + (5 - 7))
-4
What is the value of 3 + (-2 + 3 - (-1 + 0))?
5
4 + -9 + (20 - 16)
-1
What is 4 + -6 + 5 + -4?
-1
What is 2 - -2 - 4 - (-2 - 0)?
2
What is the value of -3 - (-6 + 0 + 10) - 0?
-7
Calculate (-1 - -20) + 151 + -159.
11
Evaluate 14 - (-8 + 0 + 92 + -78).
8
What is -2 - (-10 - 0) - 1 - 3?
4
What is the value of -4 - 0 - 2 - (-37 - -31)?
0
What is the value of -3 - (-10 + -1) - 9?
-1
What is -7 - (-7 + 5 - 7)?
2
Calculate (1 - -5 - 5) + 0.
1
Evaluate -2 - (-6 + 2 + (6 - -1)).
-5
What is 10 + -6 + (-2 - 1)?
1
What is the value of 3 + -7 + 5 - -1?
2
What is the value of -1 - (9 + -8 + -2)?
0
What is the value of 2 - (4 - (2 - -3))?
3
What is the value of 0 - ((-3 - -1) + 3 - 0)?
-1
1 - (3 - (6 + -9))
-5
5 - (-4 + 7 + -3)
5
Calculate (1 - (1 + -5)) + -1 + 1.
5
(12 - 0) + -5 - 5
2
-5 - (1 - -5 - 10 - 1)
0
Calculate (1 + 4 - 8) + (1 - -5).
3
What is the value of -5 + (-4 - -3) - -6?
0
What is (2 - 7 - -1) + (25 - 15)?
6
8 - 8 - (1 - -2)
-3
Calculate (-4 + -2 - -6 - -3) + 1.
4
Calculate -11 - (64 + -67 + (-1 - 0)).
-7
Calculate -6 + (-1 + 3 - (-1 + 2)).
-5
Evaluate 5 + (-3 + -1 - 4) - 0.
-3
2 + 1 + -1 + 3 + 0
5
-1 + (1 - -3 - (5 + 3))
-5
Calculate 0 - (0 - 0) - 1.
-1
Evaluate -1 + (-1 - 3) - -1.
-4
What is the value of 18 + -34 + 20 + 1 + 0?
5
What is the value of 1 - (0 - (-1 + 2))?
2
Evaluate -7 + 11 + (-2 - 4) + 4.
2
(-16 - (-21 - -10)) + -3 + 3
-5
What is the value of -2 - 0 - (2 + -2 + -6)?
4
What is -2 + 9 + (-3 - 2) - -3?
5
Evaluate 22 + -22 - -5 - (-1 + 14).
-8
Evaluate 4 - 2 - (9 + -6).
-1
What is the value of -7 + (4 - -5) + (-2 - -2)?
2
Evaluate -10 - -4 - (2 + -6).
-2
What is the value of (-3 - -1) + -1 + 2 - 0?
-1
-2 + -3 + (0 - -7)
2
What is the value of (6 - 5) + 1 - 4?
-2
Evaluate -4 + -2 - (-1 + (-12 - -11)).
-4
Calculate (-8 - 0) + 3 - (-3 - 2).
0
Evaluate -11 - (3 - 9) - -3.
-2
Evaluate -2 - -3 - (89 - 91).
3
What is 0 + (2 - -2) - 3?
1
What is -7 - (2 + -3) - (-1 + 2)?
-7
(-3 - (-4 - 0)) + -6
-5
Evaluate 0 + 5 - (-2 - (3 - 7)).
3
What is 3 + (4 - 2 - 0)?
5
(3 - -1) + 1 + (1 - 3)
3
What is 1 + 1 + 4 + -8 + 1?
-1
What is the value of (-18 - -19) + (-1 - 4) + -2?
-6
What is 3 + (-3 - (5 + -10 + -1))?
6
Calculate -3 + 2 - (-8 + 5).
2
What is the value of 18 - 9 - 7 - 6?
-4
-1 - (0 - ((1 - -1) + -1))
0
Calculate -1 - (-1 + -5 + 3 - -4).
-2
What is the value of 5 - (0 - -8 - (16 + -17))?
-4
Calculate (-8 - (7 - 8)) + 1.
-6
Evaluate -3 - (4 - (11 + -3)).
1
Evaluate 53 + -61 + 9 + -2.
-1
What is (3 - 8) + (1 - -3) + 7?
6
Calculate -4 - -1 - (1 - -1).
-5
Calculate (-1 - -7) + (-3 + -1 - 0).
2
What is 2 + 3 - (0 - (-5 - -2))?
2
What is the value of (-5 - -3) + -2 - -8?
4
What is the value of 0 + 3 + (0 - 5)?
-2
Calculate -6 + (1 - (-4 + 8)).
-9
What is the value of -5 - ((0 - (4 + -1)) + -7)?
5
Calculate -15 + (3 + 4 - -5).
-3
Calculate 1 + -6 + 1 + 1.
-3
What is 1 - ((-3 - -8) + (-12 - -4))?
4
What is the value of (-2 - 5) + (2 - -2)?
-3
What is the value of (-7 - -2 - -3) + -3?
-5
Calculate 0 - (-7 + 10 + -3).
0
Calculate -2 + 4 - (-6 - -5).
3
-196 + 190 + (-1 - 3)
-10
What is the value of -8 + 12 + (-11 - 3)?
-10
What is 0 - (-1 - 5 - (-8 + 5))?
3
-5 - (-2 - -4) - (2 + -4)
-5
-19 + 20 + -1 + -2
-2
What is the value of 5 - (-4 + 20 + -5 + 0)?
-6
What is -8 + 3 + 11 + -2 + -3?
1
4 + (-2 + -3 - 4 - -2)
-3
0 + -2 + 0 + -2
-4
What is (0 + 0 - -2) + -2 + 4?
4
Evaluate 1 + 1 - 2 - 2.
-2
What is -5 - (1 + 2) - -4?
-4
5 - 0 - (-22 - -27) - 5
-5
Calculate 3 - (-9 - (9 + -21)).
0
1 - (-2 + 0) - (1 - 0)
2
Evaluate (3 - (-2 - -1)) + -1.
3
What is -1 - ((-3 - -4) + 5)?
-7
Calculate -3 - (-3 + -12 + 21).
-9
Calculate -2 - (0 + -6 - (4 - 4)).
4
-4 + 7 + (-5 - 3)
-5
-5 + 20 - 6 - 4
5
Evaluate -4 + -3 + (0 - -4).
-3
What is -9 + 3 + (4 - 6 - -2)?
-6
Calculate 3 - 6 - 4 - 0.
-7
Calculate (2 + 3 - 6) + (2 - -2).
3
Evaluate (-4 + 1 - (-15 - -7)) + -2.
3
Calculate 0 + -2 + 3 + -5.
-4
(-1 - -1) + 1 - 4
-3
Evaluate (0 - (3 + -2)) + 2.
1
Evaluate (7 - 5) + -5 + 2.
-1
Evaluate 4 + (0 - 2 - 6).
-4
Calculate 1 - 2 - 0 - -1.
0
4 + (-2 - 3 - 2)
-3
(6 - 7) + 6 + -11
-6
54 + -61 + (12 - 0)
5
Calculate -12 - ((5 + -11 - 5) + 6).
-7
Calculate 1 + -3 + -1 + 4 + 0.
1
What is the value of 4 - 1 - (-5 + (2 - -6))?
0
Evaluate -4 + (5 - (3 + -1)).
-1
-1 - -6 - (-10 - (-6 + -7))
2
1 + 9 + (19 - (13 + 13))
3
What is 172 + -179 + -1 + (19 - 2)?
9
What is 1 + (2 - (0 + 3 + -3))?
3
What is (-7 - -9) + -13 + 6?
-5
Calculate -5 + (4 + -10 - -9).
-2
Evaluate 6 + -4 + 2 + (-6 - -6).
4
Calculate -50 - -64 - (12 + -2).
4
What is (-9 + 6 - -1) + 1 + 1?
0
Evaluate (3 - 4) + (2 - (8 - 2)).
-5
-1 + 3 + 8 + -14 + 8
4
Calculate 5 - ((0 - -7) + (13 - 24)).
9
What is the value of 3 - 4 - (1 + (12 - 8))?
-6
Evaluate 0 - -3 - (45 + -42).
0
What is the value of 2 + 3 + 3 + -6?
2
Evaluate 3 + 1 + -5 + 5 + -11.
-7
Calculate -1 + (4 - 7) - -6.
2
What is the value of -11 - (1 - 6 - (0 + 2))?
-4
Evaluate 4 - (-3 + 2) - 2.
3
What is -2 - (-4 - (2 - 1 - 0))?
3
Evaluate 1 - (1 + 0) - (32 + -32).
0
Evaluate -1 + 6 + -6 + (1 - -6).
6
4 - (10 - (3 - 0) - -1)
-4
What is 4 + -2 - 1 - (0 - 2)?
3
What is 2 - -2 - (3 + 0 + -3)?
4
Calculate 2 + (-12 - -14) + -6.
-2
(5 - -1) + -11 + 11
6
What is -2 - 0 - (0 + 0